 and 40?
40
Let o(u) = -u**2 + 3*u + 10. Let s be o(4). Suppose 0 = -2*f + 120 + 12. Calculate the highest common factor of s and f.
6
Let y(l) = 27 - 10*l + 0 - 2 + l**2. Let j be y(6). Calculate the greatest common divisor of 5 and j.
1
Let d be (2/(-3))/((-4)/18). Suppose -32*f - 121 = 7. Let j be (d/f)/((-9)/36). What is the highest common divisor of j and 3?
3
Let w(g) = 2 - 10*g - 5*g**2 + 16*g + 0 + g**3. Let f be w(5). Calculate the highest common divisor of f and 4.
4
Suppose 6*j - j - 1015 = 5*h, -772 = -4*j - 4*h. What is the greatest common factor of 9 and j?
9
Let a = 16 - 14. Suppose 5*d - 16 = -4*u, 0*u = 3*u - a*d - 35. Let b be (96/u)/((-4)/(-6)). Calculate the highest common factor of b and 128.
16
Let r(n) = -6*n + 4. Let u be r(3). Let b = 28 + u. Calculate the highest common factor of b and 35.
7
Suppose -4*g + 880 = -4*r, -g - r + 88 = -140. What is the highest common divisor of 14 and g?
14
Let c(s) = 3*s**2 - 12*s + 29. Let a be c(5). Suppose 4*q - 220 = 2*q. Calculate the highest common divisor of a and q.
22
Let w(o) = -2*o**2 + 6. Let g be w(0). Let p be 66 - 2 - 24/g. Calculate the greatest common divisor of 15 and p.
15
Let q(c) = 2*c**2 - 7*c - 30. Let z be q(8). What is the highest common divisor of 56 and z?
14
Suppose 20*p - 194 - 26 = 0. Calculate the greatest common factor of p and 143.
11
Suppose 0 = k - 4*k - 36. Let m = k + 25. Let d = -53 - -105. What is the greatest common factor of m and d?
13
Let b = 71 + -65. Suppose -64 = -b*z + 86. Let j be (-4)/18 - (-2477)/9. Calculate the greatest common divisor of z and j.
25
Let g(u) = u**3 - 2*u**2 - 3*u + 4. Let n be g(2). Let a(z) = 13*z**2 - 3*z. Let h be a(n). Calculate the greatest common divisor of h and 87.
29
Suppose -13608 = -53*a - 10*a. Calculate the highest common factor of a and 189.
27
Let y = -1110 + 1186. Calculate the highest common factor of 988 and y.
76
Suppose -92*u = -94*u + 402. Let z = 311 - u. What is the highest common factor of 22 and z?
22
Let z(i) = -2*i + 16. Let w be z(7). Suppose 10 = 2*u, -w*r - 5*u = -r - 195. Calculate the greatest common factor of r and 10.
10
Suppose 12*r - 9*r - k = 48, k = -r + 16. Calculate the highest common divisor of r and 68.
4
Suppose -4*x + o - 3 - 39 = 0, 8 = -4*o. Let l(d) = -d + 21. Let w be l(x). Calculate the highest common factor of w and 32.
32
Let r = -6 + 38. Calculate the highest common factor of 128 and r.
32
Suppose -f + 5*g + 43 = -87, 0 = 5*f - 4*g - 734. What is the highest common factor of 210 and f?
30
Suppose -14 = -4*s + 2. Let r be 1/s - 21/(-12). Let w be 3 + r/((-2)/(-27)). What is the highest common divisor of 12 and w?
6
Let z = 97 + -65. Suppose 35*p - 39*p = -z. What is the greatest common divisor of 24 and p?
8
Suppose -3*z + 1492 + 525 = -p, z - p = 675. Suppose 14*g - z = 99. What is the highest common divisor of g and 5?
5
Let p be 148*(-5 - (-2 - 10)/2). Calculate the highest common divisor of 4 and p.
4
Let h be (-153)/6 + 3/2. Let i = -10 - h. Suppose 10*w - i*w = -96. Calculate the greatest common divisor of w and 16.
8
Suppose 103 - 47 = 4*l. Let p(v) = -10*v - 5. Suppose -2*a - 4 = 0, -4 - 10 = 3*j + a. Let r be p(j). What is the greatest common divisor of r and l?
7
Suppose 25*n - 6144 = 9*n. What is the greatest common divisor of n and 32?
32
Let f(n) = 27*n**2 + 7*n + 28. Let g be f(-4). Calculate the highest common factor of 18 and g.
18
Let w(c) = 10*c**3 + 6*c**2 - 17*c + 4. Let s be w(2). Calculate the greatest common divisor of 1665 and s.
37
Let g be (-1)/(2/(-36)) + -3. Let r = g - 35. Let a = 23 + r. Calculate the greatest common factor of a and 27.
3
Suppose 0 = -7*g + 34 - 6. Let c(k) = k**3 + 18*k**2 - 3*k - 26. Let x be c(-18). What is the highest common divisor of g and x?
4
Let t = -443 - -463. Calculate the highest common factor of 44 and t.
4
Let g be (110/11)/(2/(-8)). Let s = -37 - g. Calculate the greatest common divisor of s and 27.
3
Let a be (1 - -13)*28/8. Let o be 4/14 - (-476)/a. Suppose -42 = -3*s + y, -2*s + 2*y = 11 - 35. What is the greatest common divisor of s and o?
5
Let h(t) = t**3 - 9*t**2 - 10*t + 2. Let j = 84 + -50. Let n = j - 24. Let z be h(n). What is the greatest common factor of z and 2?
2
Let i = -11 - -12. Let t(h) = 6*h**2 - 3 + 4 - i. Let j be t(3). What is the greatest common divisor of 18 and j?
18
Let f = -631 + 930. Suppose 101 = -11*z + f. What is the highest common factor of z and 162?
18
Suppose -r + 2*q = -3, -2*r - 3*q = -0*r - 20. Let j be 112/(-1)*4/(-8). What is the highest common divisor of j and r?
7
Let j be 76/18 - 2/9. Suppose j*x - 82 = 22. Suppose -5*a + 194 = k, 6*a - 3*k - 198 = a. What is the highest common divisor of a and x?
13
Let a = -10 + 14. Let j(x) = 6*x**2 - 7*x + 1. Let u be j(a). Suppose -2*d + 23 = -u. What is the greatest common divisor of 23 and d?
23
Suppose -2*w + 299 = 5*h, -2*h + 87 = -2*w - 41. Let z = -51 + h. What is the greatest common divisor of z and 90?
10
Suppose -r + 5*g = -5 - 8, 5*r - 5*g - 25 = 0. Suppose -r*z + 6 = -18. Calculate the greatest common factor of z and 56.
8
Suppose 0*k - 43*k = -57362. What is the greatest common divisor of k and 46?
46
Suppose 252*y - 1224 = 216*y. Calculate the highest common divisor of 850 and y.
34
Let i = -384 + 402. What is the highest common factor of 144 and i?
18
Let d = 215 + -175. What is the highest common divisor of d and 680?
40
Let k = -285 - -333. What is the greatest common factor of k and 64?
16
Suppose 0 = -4*x + 5*x - 3. Let h be (-4)/(-16) + (-2)/(24/339). Let y = -22 - h. Calculate the highest common factor of x and y.
3
Let q(l) = -l**3 - 13*l**2 - 2*l - 12. Let a be q(-13). Suppose 0 = -u + 12 + a. What is the highest common factor of u and 156?
26
Let t be (-1575)/(-30) - (3 - 4/8). Calculate the highest common divisor of 25 and t.
25
Let j = 13014 + -12937. Suppose 0 = -t + 4*h - 0 + 19, 0 = 5*t - 3*h - 61. Calculate the greatest common factor of j and t.
11
Let c be (6 - (-14)/(-21))/((-1)/(-27)). Calculate the greatest common factor of c and 312.
24
Suppose 3 = -p + 8. Let x(b) = -3*b + 16. Let k be x(8). Let a = p - k. Calculate the greatest common factor of a and 13.
13
Suppose 1040 = 10*y - 1390. Calculate the greatest common divisor of y and 54.
27
Suppose 29*n = 6076 - 2016. Calculate the highest common divisor of n and 100.
20
Let h(j) = 2*j**2 + 11*j + 22. Let r be h(-10). Let w = -79 + r. What is the highest common factor of w and 165?
33
Let a be 48 + 3 + 48/(-6). What is the greatest common factor of a and 559?
43
Suppose 3*t = 2*t. Let g(p) = -p**3 - p + 16. Let c be g(t). Let f(b) = 14*b + 10. Let u be f(5). What is the highest common divisor of u and c?
16
Suppose 12*z - 1346 = -170. What is the greatest common divisor of 2 and z?
2
Let l be (16/9)/(33/((-4455)/(-30))). Let g be 4/6 + 380/6. Calculate the highest common factor of l and g.
8
Let p = 171 + -102. Let h = p - 9. What is the greatest common divisor of h and 12?
12
Let j(l) = 15*l + 192. Let v be j(0). Calculate the greatest common factor of v and 24.
24
Suppose -163 = -95*u + 4587. Let z be (-26)/(-6) + 4/6. Suppose 0 = -z*l - 0*l + 100. What is the highest common factor of l and u?
10
Suppose v - 10 + 5 = 0. Let j be (2 + -2 + 3/v)*25. Calculate the highest common divisor of 105 and j.
15
Let m = 962 + -762. Calculate the highest common divisor of 24 and m.
8
Let d be (0 + 5/3)*1023/155. What is the highest common factor of 99 and d?
11
Suppose -2*b = -0*b + 2. Let s be b/(665/(-165) - -4). Calculate the greatest common factor of s and 22.
11
Let j be (33/(-6))/(1/(-2)). Let a(g) = g**2 - g + 11. Let i be (-1 - -1)/((-5)/5). Let f be a(i). What is the greatest common divisor of f and j?
11
Suppose 7*y + 286 = 5*y. Let b = -83 - y. What is the greatest common factor of b and 30?
30
Suppose -72 = -0*f - 3*f. Let t(i) = 7*i**2 - 10. Let a be t(2). Suppose 20*y - 8 = a*y. Calculate the highest common factor of f and y.
4
Let k = -49 - -73. Let i be ((-24)/(-18))/(1/k). Suppose 5*r - i = 118. What is the highest common factor of r and 75?
15
Let y = -13 + 21. Let j be (66/y)/(12/32). Calculate the greatest common divisor of 220 and j.
22
Let v = -114 - -120. Let a be (-1)/(-2) + (-55)/2. Let w = -9 - a. What is the greatest commo